se
Is 2076464701 prime?
False
Is 7387703767 composite?
False
Is 23329488607 a prime number?
True
Is 2026953623 composite?
True
Is 3832142051 composite?
True
Is 950681573 prime?
False
Is 4833092279 a composite number?
False
Is 698197501 a composite number?
True
Is 4475416177 composite?
False
Is 37128577 a prime number?
False
Is 933903385513 a prime number?
False
Is 85606112833 composite?
True
Is 45053059477 prime?
True
Is 32014764047 a composite number?
True
Is 8476714409 a prime number?
True
Is 87819927397 a composite number?
False
Is 9386300137 prime?
True
Is 16988936707 composite?
True
Is 3144479699 a prime number?
False
Is 4483946281 composite?
False
Is 12110663651 prime?
True
Is 23913695419 prime?
True
Is 530695401 a composite number?
True
Is 3755335669 a prime number?
True
Is 3939805319 composite?
True
Is 3388676567 prime?
True
Is 1409436737 a prime number?
True
Is 347117007 a prime number?
False
Is 1030940527 prime?
False
Is 15241584791 a composite number?
True
Is 680360665 a composite number?
True
Is 540338567 a composite number?
False
Is 500070379 a composite number?
True
Is 16482191641 a composite number?
False
Is 377532842 composite?
True
Is 3729140669 a composite number?
False
Is 11506811 prime?
True
Is 6484878901 composite?
False
Is 15473444347 prime?
True
Is 19636914833 composite?
True
Is 552921067 a prime number?
True
Is 6812463061 a prime number?
True
Is 14531456041 composite?
False
Is 7044998311 a composite number?
True
Is 13894625183 a composite number?
True
Is 11124649273 a composite number?
True
Is 108451657 a prime number?
False
Is 990390041 prime?
True
Is 2606339201 prime?
True
Is 7497623905 a composite number?
True
Is 1341083161 composite?
True
Is 2031775877 composite?
True
Is 540114217 a prime number?
False
Is 2848838261 a prime number?
False
Is 168384882251 a composite number?
True
Is 456644659 composite?
True
Is 77201484271 composite?
True
Is 28913734873 a composite number?
False
Is 10050150823 composite?
True
Is 23605532591 composite?
False
Is 16533121513 a composite number?
False
Is 1479338803 a prime number?
False
Is 58374109 prime?
False
Is 1370265713 a prime number?
False
Is 31182903781 composite?
False
Is 572178947 prime?
True
Is 104532551 a prime number?
True
Is 10533936313 composite?
True
Is 563802949 prime?
False
Is 4850705219 composite?
True
Is 20921812217 composite?
True
Is 15849031643 a prime number?
False
Is 61627231873 a prime number?
True
Is 51357243571 composite?
False
Is 699394631 composite?
True
Is 10319496151 a composite number?
False
Is 27129940303 composite?
False
Is 1629735713 a prime number?
True
Is 27238297577 a composite number?
False
Is 247149181 a prime number?
True
Is 70214175671 prime?
True
Is 17070202861 prime?
True
Is 60593264683 composite?
True
Is 3136958327 composite?
False
Is 717736883 composite?
True
Is 1165552559 a composite number?
True
Is 50579360817 a composite number?
True
Is 3183152471 composite?
True
Is 495526267 a prime number?
True
Is 52490159 composite?
False
Is 193983557 a composite number?
True
Is 1534859233 a composite number?
True
Is 7568951789 a prime number?
False
Is 24484333 composite?
False
Is 561997669 prime?
True
Is 311378087 prime?
False
Is 32135123093 a prime number?
False
Is 85599049 a composite number?
False
Is 16206137819 composite?
False
Is 160812341 prime?
True
Is 6542825127 prime?
False
Is 58596577401 a composite number?
True
Is 26268737323 a composite number?
True
Is 3765806729 a prime number?
False
Is 12255176309 a prime number?
True
Is 63971749561 a composite number?
True
Is 13466297161 a composite number?
False
Is 22057571915 composite?
True
Is 3036494941 prime?
False
Is 2409415763 a composite number?
True
Is 64087108203 a composite number?
True
Is 256989379 prime?
True
Is 51772004617 a composite number?
False
Is 22474626619 composite?
True
Is 22044321737 a prime number?
True
Is 5823804781 a prime number?
False
Is 76984957 a composite number?
True
Is 28145233093 composite?
False
Is 556488337 prime?
False
Is 10570337243 a composite number?
False
Is 205521133 a composite number?
False
Is 186808548221 composite?
False
Is 8699946077 a composite number?
False
Is 12502212979 a composite number?
False
Is 20576772997 a composite number?
True
Is 7652794421 a prime number?
False
Is 8247017711 a composite number?
True
Is 2086585129 a composite number?
False
Is 42180410911 prime?
False
Is 112783171 a prime number?
True
Is 7921073221 a composite number?
True
Is 265262267 prime?
False
Is 6387945409 composite?
True
Is 1395939781 composite?
False
Is 44441067581 a composite number?
False
Is 195429547 composite?
False
Is 753711859 a composite number?
False
Is 6968573791 composite?
False
Is 379555789 composite?
False
Is 5836255813 prime?
True
Is 615224174 composite?
True
Is 3541677551 a prime number?
True
Is 1971099829 a composite number?
False
Is 5414283521 composite?
False
Is 7277695247 prime?
True
Is 4893552941 prime?
False
Is 146658623 composite?
False
Is 410904187 a composite number?
False
Is 207682151 prime?
True
Is 4157976941 a prime number?
True
Is 175071551 composite?
False
Is 780226753 a prime number?
True
Is 41446963 a composite number?
True
Is 9768236609 a prime number?
True
Is 2263599139 composite?
False
Is 21565181441 a composite number?
True
Is 7735011677 a composite number?
True
Is 1724539 prime?
False
Is 1363268009 a prime number?
False
Is 725490769 composite?
True
Is 611136521 prime?
True
Is 5015636957 a prime number?
False
Is 274707509 prime?
True
Is 631288519 a composite number?
False
Is 1987681093 a prime number?
False
Is 3351655501 composite?
True
Is 7945945363 prime?
False
Is 78335827 a composite number?
False
Is 223523670291 a prime number?
False
Is 9551943721 prime?
True
Is 4559065529 a composite number?
True
Is 49287780551 a composite number?
False
Is 2969425699 a prime number?
True
Is 158332601 prime?
False
Is 39207121339 a composite number?
False
Is 44431795319 a composite number?
True
Is 65825042617 a composite number?
False
Is 8601959231 composite?
False
Is 99257029051 prime?
True
Is 2022836113 a prime number?
False
Is 7258989209 a composite number?
True
Is 34445959433 a prime number?
True
Is 6869692807 a prime number?
False
Is 22751493491 a composite number?
False
Is 133071762787 a prime number?
False
Is 44580851587 composite?
False
Is 25100774159 a prime number?
False
Is 9757463713 composite?
True
Is 7608698173 a composite number?
True
Is 21550229 a prime number?
True
Is 7118920591 a composite number?
False
Is 61847941 a composite number?
True
Is 1110832267 a composite number?
True
Is 27532572169 a prime number?
True
Is 2064378887 a composite number?
False
Is 4612238269 a prime number?
False
Is 582537167 a composite number?
False
Is 65266692437 a prime number?
False
Is 18024231271 prime?
True
Is 608001577 composite?
True
Is 62932665839 composite?
False
Is 94643266667 a composite number?
True
Is 12326422858 prime?
False
Is 713870951 prime?
True
Is 474255449 a prime number?
False
Is 1372278803 a composite number?
True
Is 20143325919 a prime number?
False
Is 195515647 a composite number?
False
Is 3498000817 prime?
True
Is 136205789 a composite number?
False
Is 181568587 a composite number?
False
Is 3032761873 a composite number?
True
Is 63822948247 composite?
False
Is 1386674567 prime?
False
Is 78841515217 prime?
False
Is 5852009 composite?
False
Is 5493310447 a composite number?
False
Is 2888417933 composite?
False
Is 124124123755 a composite number?
True
Is 995517541 composite?
False
Is 54507403 prime?
True
Is 20605542773 composite?
False
Is 3729425417 composite?
False
Is 384699149 a composite number?
True
Is 470353357 prime?
True
Is 8985615629 prime?
True
Is 63012053 composite?
True
Is 1331294309 prime?
True
Is 338780759 composite?
True
Is 92253043 prime?
False
Is 1937254673 prime?
True
Is 673794389 a composite number?
True
Is 115023193619 a composite number?
False
Is 7254494287 composite?
False
Is 37142930191 composite?
True
Is 46477674799 a composite number?
False
Is 2564317813 a prime number?
True
Is 5971552329 a composite number?
True
Is 376637389 prime?
True
Is 1441786957 prime?
False
Is 160900680977 a composite number?
False
Is 2510086087 a prime number?
True
Is 1051501567 prime?
True
Is 162309205189 prime?
True
Is 175650031 a pr